= -3*w - 2*p - 314. Let f = n - w. What is the tens digit of f?
3
Suppose 3*o = 3*m - 6*m + 807, 4*o = 12. What is the units digit of m?
6
Suppose -17*a = -22*a + 15. Suppose a*g - 419 = -0*g + 5*y, 5*g - 3*y - 677 = 0. What is the tens digit of g?
3
Suppose 2*c + 383 - 2385 = g, 4*g - 4992 = -5*c. What is the tens digit of c?
0
Let z = 9 - 5. Suppose 0 = -4*i - 3*p + 120, -i + p + z*p = -7. What is the tens digit of i?
2
Let b be ((-4)/4*86)/(-2). Suppose o - 5*o = 3*d - b, -2*o = 2*d - 20. What is the tens digit of o?
1
Let p be (2/2)/((-6)/(-1992)). Suppose 331 = 5*a - o + 5*o, 0 = 5*a + 3*o - p. What is the units digit of a?
7
What is the hundreds digit of 149*(1 + 4)/(-1 + 2)?
7
Let r = 1103 - -593. What is the tens digit of r?
9
Let r(b) = 2*b**2 - 6*b + 7. Let u be r(-6). Let p = 14 - 14. Suppose -5*x + u = 3*w, 3*w - 92 = -4*x - p*w. What is the units digit of x?
3
What is the units digit of 8/(120/9825) + -1*4?
1
Let l(x) = -464*x + 1. What is the tens digit of l(-1)?
6
Suppose -599 + 134 = 5*i. Let m = -24 - i. What is the units digit of m?
9
Suppose 0 = 18*n - 13*n - 5. What is the hundreds digit of (7 - 1/n)/((-24)/(-876))?
2
Let y(w) = -w**3 + 2*w**2 + 5*w - 4. Let a be y(3). Suppose r = -a*r. Let g(q) = -q + 31. What is the tens digit of g(r)?
3
Let i = -1876 - -2696. What is the hundreds digit of i?
8
Let m(n) = -5*n. Let t be m(-1). Suppose 4*h = t + 7. Suppose -3*c = -2*c - h. What is the units digit of c?
3
Let v = -711 + 1613. What is the tens digit of v?
0
Suppose c + 232 = -5*u, c + u + 223 = -u. Let j = c + 446. What is the tens digit of j?
2
Let u = 34 - -188. Let j = -62 + u. What is the tens digit of j?
6
Suppose -19*m + 14 = -18*m. Let v(f) = 19*f - 57. What is the tens digit of v(m)?
0
Suppose -2*l + 36 = 4*y, 0 = 8*l - 4*l. Suppose -88 = x - y*x. What is the units digit of x?
1
Let h(y) = y**3 + 6*y**2 + 3*y + 7. Let s be h(-6). Let i(t) = t + 11. Let a be i(s). Suppose a = 2*x - 8, 5*m + x = 4*x + 73. What is the units digit of m?
7
Let c(n) = -n**2 + 2*n - 2. Let a be c(-2). Let l(u) = -u**2 - 20*u + 24. What is the hundreds digit of l(a)?
1
Let w(q) = 204*q**2 - 1. What is the tens digit of w(-1)?
0
Suppose 11*v = -i + 9*v + 272, 0 = 5*v + 15. What is the units digit of i?
8
Let i = -24 - -25. What is the units digit of (1 + -3)/(-1) + (25 - i)?
6
Suppose 219 + 253 = 4*s. Suppose -4*i = -s - 78. What is the tens digit of i?
4
Suppose -5*d = -d + 2*z - 1948, 3*z + 480 = d. What is the units digit of d?
6
Let a(g) be the second derivative of 7*g**4/12 - 2*g**3/3 - g**2 + 5*g. What is the tens digit of a(4)?
9
Let v(y) = y**3 - 8*y**2 - 10*y + 33. Let f be v(9). Suppose 2*d = -u - 5, -5*u = 2*d + 23 + 2. Suppose d = 4*j - 148 + f. What is the units digit of j?
1
Let f(z) = 2860*z**3 - z**2. What is the hundreds digit of f(1)?
8
Let h(j) = -73*j - 82. What is the tens digit of h(-13)?
6
Suppose -9*a + a + 40 = 0. What is the tens digit of a - -141 - (1 + 2)?
4
Suppose 2014 = 37*s - 95. What is the tens digit of s?
5
Let f(q) be the second derivative of -q**5/20 - 2*q**4/3 + 5*q**3/3 - 13*q**2/2 + q. What is the units digit of f(-10)?
7
Let q = -32 + 47. Suppose -q*b - 146 = -16*b. What is the tens digit of b?
4
Suppose 0 = 4*s + 4*n - 32, 47 = s + 4*s - 2*n. Let d(f) be the second derivative of f**3/2 - 11*f**2/2 - 7*f. What is the units digit of d(s)?
6
Let f(d) = d**2 - 9*d + 13. Let m be f(8). Suppose 5*l - 42 = 3*n + 245, -m*n - 111 = -2*l. What is the tens digit of l?
5
Let z(j) = j**2 - j. Let x(a) = -14*a**2 + 20*a - 8. Let u(r) = -x(r) - 12*z(r). What is the tens digit of u(7)?
5
Suppose 3*a + 20 = 80. Suppose -2*i = -4 + a. Let l(h) = -3*h - 8. What is the units digit of l(i)?
6
Let f be (-6)/(5/(2650/(-15))). Suppose 0 = 90*z - 88*z - f. What is the tens digit of z?
0
Let z(u) = -u**2 - 6*u + 14. Let x be z(-11). Suppose -4*v = -i + 4, 2*i - 1 = 5*v + 4. What is the tens digit of 2 - (0 + i + x)?
4
What is the tens digit of (-7273)/(-4) + 70/(-280)?
1
Let x = -51 - -71. Let c = x + -29. What is the units digit of 6/((-2)/c*3)?
9
Let x(p) = -p**3 - 7*p**2 + p + 9. Let a = 25 - 32. Let n be x(a). Suppose -v + 24 = 3*c, 0 = 2*c + n*c + 4. What is the units digit of v?
7
Let a(w) = 2*w**2 + 3*w - 5. Suppose 3*d + 4 = 19. Let n be a(d). Suppose -4*y = 4, 5*y = -4*l + 271 - n. What is the tens digit of l?
5
Let a(q) = -2*q**3 - 5*q**2 + 9*q - 6. Let g be a(-7). Suppose 4*t - g = -3*h, 5*h - t = -5*t + 620. What is the hundreds digit of h?
1
Let g(y) = 6*y**3 - 4*y**2 + 6*y + 60. Let j(c) = -c**3 + c**2 - c. Let t(b) = -g(b) - 5*j(b). Let u be t(0). What is the units digit of (3/(-2))/(9/u)?
0
Let i be 4/7*(-14)/(-4). Suppose 2 = i*f - 24. What is the units digit of f?
3
Let s(h) = -h**2 + h + 3. Let k be s(2). What is the tens digit of (-21)/k*(-336)/98?
7
Let v = 529 + 50. Suppose 0 = -7*a + 226 + v. What is the tens digit of a?
1
Let w be (2/(-3))/(10/510). Let l = w - -70. What is the tens digit of l?
3
Let i(y) = -4*y + 1 + y**3 + 5 + 7*y**2 - 1. Let q = 0 + -7. What is the tens digit of i(q)?
3
Suppose 0 = -2*g + 4 - 10. Let o(c) = -4*c**2 + 1. Let v be o(g). Let i = 38 + v. What is the units digit of i?
3
Suppose 15 = 6*h - h. Suppose 0 = -5*o - 4*a + 639, 377 = h*o - 0*a + 4*a. What is the hundreds digit of o?
1
Let p = 7 - 5. Suppose k - p*k = -4*x - 104, -5*k + 3*x = -605. Suppose 3*j + 4*z = -j + k, -2*j - z = -66. What is the tens digit of j?
3
What is the tens digit of (-5 - 0) + 15 + 3114?
2
Suppose v + 72 = 75. Suppose -5*n + 165 = 5*q, -135 = -5*n + q - 0*q. Suppose -v*w + n = w. What is the units digit of w?
7
Let a be 2/(4/326)*-9. Let k = -183 + 185. What is the tens digit of k/(-6) - a/27?
5
Suppose v - 5821 = -4*u, 7*u + 3*v = 3*u + 5815. What is the units digit of u?
6
Suppose p = -5*d + 3321, 2*d - 22*p = -21*p + 1334. What is the hundreds digit of d?
6
Let q = -527 + 916. What is the units digit of q?
9
Suppose 5*h + 4386 = 3*d, -5774 = -5*d + 2*h + 1517. What is the units digit of d?
7
Let s(f) = -263*f - 226. What is the thousands digit of s(-8)?
1
Suppose 0 = 4*l - 3*l - 4. Let c be (3 + -3)*(5 - l). Suppose 5*b - 70 = -2*g + 3*b, c = 5*g - 3*b - 135. What is the tens digit of g?
3
Let s be (-362)/(-13) + (-10)/(-65). Suppose 5*c = 37 + s. Let d = c - -3. What is the tens digit of d?
1
Let i(d) = d**2 + 13*d + 15. Suppose 3*r + 5*t = 4, 4 = -t + 3. Let k be 36/r*(-1)/1. What is the units digit of i(k)?
3
Let u(c) = -c**3 - 4*c**2 - 2*c - 5. Let r be u(-4). Suppose r*t = -18 + 240. What is the units digit of t?
4
Let g(i) = -26*i + 79. What is the hundreds digit of g(-17)?
5
Suppose 65*w - 61*w = 568. What is the hundreds digit of w?
1
Let n = -19 + 50. Suppose 5*k + 2*o - n = -o, 0 = -4*k - 5*o + 17. What is the tens digit of ((-1)/(-2))/(k/880)?
5
Let q(c) = c**2 - c + 2. Let f(x) = -2*x**3 - x**2 - 3*x - 2. Let g be f(-1). Let d be q(g). What is the units digit of d*(-4)/((-8)/4)?
8
Let q(s) = -s**3 + 14*s**2 + s + 5. Let v be q(14). Suppose -13 = 4*n + v. What is the tens digit of (n + 61)*(-2 - -3)?
5
Let h = 87 - 60. Let u = 14 + -9. Suppose 0 = -u*v - 7 + h. What is the units digit of v?
4
Suppose 3*g - q - 465 = -4*q, 2*g - 306 = 2*q. What is the hundreds digit of g?
1
Suppose 3*y + y = -44. Let a = y - -27. Let p = a - -14. What is the tens digit of p?
3
Let t(y) = y + 3. Let m be t(1). Suppose -m*r - 46 + 570 = 0. What is the units digit of r?
1
Suppose 4*g + 16 = -4*k, -4*k - k = 2*g + 11. Let p(l) = 29*l**2 + 2*l + 5. What is the hundreds digit of p(g)?
2
Let d = -9 + 12. Suppose -2 = d*q - q. What is the tens digit of 17 - (q + (-3 - -3))?
1
Let s(y) = y**3 + 10*y**2. Let a be s(-10). Suppose 2*x = -a - 8. What is the units digit of -4*(0 + 10/x)?
0
Suppose -6*a + 1 = -5*a. Suppose 5 = t - h, 2*h = -5*t - h + a. Suppose 0 = t*q - k - 22, 26 - 7 = 3*q + 2*k. What is the units digit of q?
9
Let w(n) = n**3 + 22*n**2 + 29*n + 25. Let m be w(-20). Suppose 2*v = 5*b + 325, -m + 76 = -v - 4*b. What is the hundreds digit of v?
1
Let u = 41 - 69. Let y = 31 + u. Let i(j) = 7*j**2 + 2*j + 4. What is the tens digit of i(y)?
7
Suppose -b + 2*n + 579 = -3*n, -4*b - 3*n + 2247 = 0. What is the units digit of b?
4
Let i(a) = a**3 + 14*a**2 - 14. Let q be i(-14). Suppose -2*p - 2*w = -